65*i - 96. What is c(-25)?
279
Let a(z) = -z**2 - 789*z + 4750. Determine a(6).
-20
Let q(h) = 3*h**2 - 578*h - 4821. Calculate q(-8).
-5
Let x(c) = -c**3 + 54*c**2 - 5178*c + 295981. Determine x(56).
-259
Let g(z) = -2*z**3 - 378*z**2 + 264*z - 22046. What is g(-190)?
-6
Let x(s) = 23*s**3 + 436*s**2 - 424*s - 12. What is x(1)?
23
Let i(b) = 2*b**3 - 70*b**2 - 25*b - 208. Calculate i(35).
-1083
Let m(g) = g**2 + 1005*g - 236557. Determine m(197).
237
Let k(v) = -17*v**2 - 145*v - 422. Give k(-7).
-240
Let n(c) = -4788*c + 62645. What is n(13)?
401
Let n(b) = -50*b**2 + 2946*b - 226. Calculate n(59).
-462
Let f(o) = -2*o**2 + 620210*o + 1240416. Give f(-2).
-12
Let a(p) = 3*p**2 + 46070*p + 506772. Determine a(-11).
365
Let d(f) = -943*f - 20584. Determine d(-23).
1105
Let p(s) = -s**3 + 279*s**2 + 10637*s - 99. Determine p(-34).
71
Let x(y) = 1307*y - 10355. Give x(8).
101
Let j(t) = -t**2 + 188*t + 29196. Calculate j(289).
7
Let m(z) = z**3 + 23*z**2 - 98*z - 1670. Determine m(9).
40
Let u(r) = 398*r + 17829. Give u(-44).
317
Let p(z) = 3*z**2 - 2788*z + 599111. What is p(592)?
7
Let h(j) = -979*j + 10403. Determine h(10).
613
Let k(w) = -170*w**2 + 1438*w - 9. What is k(2)?
2187
Let o(c) = -434*c**2 + 68180*c - 6616. Determine o(157).
-22
Let w(a) = -7*a**2 - 238*a - 195. Calculate w(-30).
645
Let x(t) = -3*t**3 + 69*t**2 + 83*t - 867. Calculate x(24).
-603
Let p(s) = -3*s**3 - 132*s**2 - 18*s - 150. Determine p(-44).
642
Let l(a) = 2*a**2 - 1030*a + 119980. Give l(178).
8
Let r(g) = 5677*g + 85140. Determine r(-15).
-15
Let j(w) = w**2 - 3200*w + 694033. What is j(234)?
-11
Let x(r) = r**3 - 28*r**2 + 592*r + 66. What is x(0)?
66
Let y(n) = n**3 + 512*n**2 + 16718*n + 103. Give y(-35).
-702
Let p(r) = 61457*r + 3380139. What is p(-55)?
4
Let d(o) = 7*o**3 - 3080*o**2 - 19*o + 8231. What is d(440)?
-129
Let s(w) = 2*w**3 - 30*w**2 - 129*w + 258. What is s(9)?
-1875
Let c(d) = -4533*d + 22041. Give c(5).
-624
Let t(a) = a**2 + 23*a - 4602. Calculate t(57).
-42
Let a(m) = 85*m**2 + 829*m - 8485. What is a(-16)?
11
Let o(p) = -715*p - 94317. What is o(-132)?
63
Let a(r) = -301*r**2 - 8631*r + 2782. Determine a(-29).
-60
Let u(i) = 1527*i - 74827. Determine u(49).
-4
Let b(s) = -261400*s - 23003194. Give b(-88).
6
Let s(i) = 4*i**2 + 217*i + 1111. Give s(-48).
-89
Let b(d) = -d**3 - 6*d**2 + 67*d + 329. Give b(-5).
-31
Let o(f) = 3*f**3 + 1493*f**2 - 91191*f + 53. Determine o(55).
-2
Let i(m) = -14*m**2 + 967*m + 652. Calculate i(70).
-258
Let m(n) = -666826*n + 2667312. Calculate m(4).
8
Let x(a) = -174*a**2 + 4875*a - 87. Determine x(28).
-3
Let f(d) = -8*d**2 - 3489*d - 37410. Give f(-11).
1
Let n(m) = 1259*m + 7542. What is n(-6)?
-12
Let j(n) = -783*n + 14086. Give j(18).
-8
Let k(o) = 105288*o + 1263449. Calculate k(-12).
-7
Let o(i) = 2*i**2 + 32064*i + 96183. What is o(-3)?
9
Let i(q) = -15*q**2 - 1419*q + 4994. Give i(-98).
-4
Let c(p) = -49*p**2 - 21736*p + 30681. Calculate c(-445).
-24
Let t(y) = 13*y**2 - 4*y - 101. Give t(-9).
988
Let i(j) = -j**3 - 50*j**2 + 321*j + 1393. What is i(-3)?
7
Let i(k) = -20272*k - 506795. Calculate i(-25).
5
Let v(n) = 761*n + 26508. Calculate v(-35).
-127
Let p(g) = -3*g**3 - 1261*g**2 - 2933*g - 2921. Determine p(-418).
5
Let x(o) = -2*o**2 + 96*o + 363505. Calculate x(-403).
-1
Let x(u) = 193734*u + 1937346. Calculate x(-10).
6
Let k(z) = z**3 - 203*z**2 + 61*z + 68538. Determine k(201).
-3
Let k(s) = -2026*s + 1777. Calculate k(1).
-249
Let w(g) = -8*g**2 - 22*g - 54. Give w(-5).
-144
Let v(o) = -o**3 - 7*o**2 + 924*o + 1861. Determine v(-2).
-7
Let g(t) = -t**3 + 82*t**2 + 429*t + 473. Calculate g(87).
-49
Let z(i) = -i**3 - 2*i**2 - 94*i - 509. Calculate z(-11).
1614
Let f(y) = -111*y**2 + 155*y + 14. Give f(2).
-120
Let i(c) = 8*c**2 - 79*c + 369. Calculate i(4).
181
Let n(d) = d**3 - 28*d**2 + 158*d + 46. Give n(6).
202
Let s(j) = 10*j**2 + 2361*j - 6947. Determine s(-239).
-16
Let d(a) = 320*a - 70847. Give d(220).
-447
Let f(x) = -800*x**2 - 3215*x + 103. Determine f(-4).
163
Let k(m) = -16*m**2 - 288*m - 906. Calculate k(-7).
326
Let g(b) = 2*b**3 - 502*b**2 - 2048*b + 2043. Determine g(255).
3
Let l(c) = 8*c**3 + 5*c**2 - 23*c + 100. Give l(5).
1110
Let k(z) = -144*z**2 - 1051*z - 2064. What is k(-2)?
-538
Let g(m) = 5*m**3 - 283*m**2 - 900*m - 10. Calculate g(-3).
8
Let m(k) = 35*k**2 + 28524*k + 112728. What is m(-811)?
-1
Let c(v) = v**2 + 117*v + 2131. Give c(-16).
515
Let t(c) = 89*c + 1551. Determine t(-21).
-318
Let n(s) = 906*s - 376884. Calculate n(416).
12
Let k(p) = p**3 + 57*p**2 - 235*p - 3887. What is k(-60)?
-587
Let v(y) = 2625*y + 7850. Calculate v(-3).
-25
Let w(d) = -16655*d + 249787. What is w(15)?
-38
Let u(r) = -2*r**3 - 681*r**2 + 346*r + 1725. What is u(-341)?
20
Let g(d) = 1137*d + 96651. Give g(-85).
6
Let o(m) = -36*m**2 - 851*m + 246. Determine o(-23).
775
Let o(s) = -1110194*s + 1110185. Calculate o(1).
-9
Let c(z) = -40920*z + 409208. Calculate c(10).
8
Let h(o) = -10322*o + 82537. Determine h(8).
-39
Let r(g) = 289*g + 3684. Determine r(-19).
-1807
Let z(i) = -i**3 + 254*i**2 - 5106*i + 319. Determine z(22).
275
Let w(n) = 7836*n - 15245. Calculate w(2).
427
Let q(i) = 20857*i + 458868. Give q(-22).
14
Let p(m) = -794944*m - 11129199. Determine p(-14).
17
Let z(b) = -11182*b - 246135. Give z(-22).
-131
Let b(x) = x**3 - 134*x**2 + 378*x - 20. Give b(3).
-65
Let r(m) = m**2 - 146*m - 142154. What is r(457)?
-27
Let q(d) = 382917*d - 382915. Calculate q(1).
2
Let x(i) = -i**2 + 4733*i - 70758. Calculate x(15).
12
Let c(z) = -z**3 + 161*z**2 - 82*z + 13197. Give c(161).
-5
Let x(r) = 10784*r + 53947. Give x(-5).
27
Let w(d) = -106*d**2 - 341*d + 36434. What is w(17)?
3
Let u(v) = v**2 - 39*v + 137. Determine u(5).
-33
Let c(w) = -587*w - 620473. Give c(-1057).
-14
Let g(d) = d**2 + 184*d + 4518. What is g(-29)?
23
Let c(o) = 2*o**3 - 34*o**2 + 216*o - 757. Determine c(10).
3
Let n(x) = 2351*x + 18580. Calculate n(-8).
-228
Let m(j) = 18*j**2 + 1034*j + 527. Give m(-57).
71
Let v(g) = -1469*g + 41727. Determine v(28).
595
Let x(a) = a**3 + 14*a**2 + a + 149. What is x(-18)?
-1165
Let j(z) = 10*z**2 - 14341*z - 43032. Calculate j(-3).
81
Let g(u) = -2*u**2 - 424*u + 212798. What is g(-449)?
-28
Let q(z) = z**2 + 129*z - 14456. Calculate q(72).
16
Let z(a) = -a**3 + 14*a**2 - 672*a + 13845. Determine z(18).
453
Let k(w) = -4225*w - 1119606. Determine k(-265).
19
Let j(v) = 124*v**2 - 10473*v + 4792. Give j(84).
4
Let m(l) = -2*l**2 - 5227*l + 52219. What is m(10)?
-251
Let c(y) = 2*y**3 - 405*y**2 - 52643*y + 628. What is c(-90)?
-2
Let v(z) = -30*z**2 - 999*z - 147. Determine v(-33).
150
Let b(o) = 2*o**3 + o**2 - 395*o - 1809. What is b(-11)?
-5
Let z(x) = -3049*x - 643334. What is z(-211)?
5
Let l(g) = -26670*g + 26664. What is l(1)?
-6
Let a(q) = -846*q + 7246. Calculate a(8).
478
Let j(c) = 11*c**2 - 5216*c - 35310. What is j(481)?
765
Let c(q) = 2*q**2 + 33948*q - 203613. Determine c(6).
147
Let i(o) = -o**3 + 32*o**2 - 1068*o + 19773. Determine i(23).
-30
Let k(s) = 65*s**2 - 27201*s + 12946. What is k(418)?
-12
Let l(g) = -g**3 + 14*g**2 + 1724*g - 21220. What is l(12)?
-244
Let q(t) = 451*t**3 + t**2 - 65*t - 64. Give q(-1).
-449
Let c(q) = 62*q**2 + 994*q + 1029. Calculate c(-18).
3225
Let h(q) = -67*q**3 + 3884*q**2 + 117*q - 56. Determine h(58).
2
Let y(b) = b**2 + 1839*b + 360375. Determine y(-223).
7
Let t(b) = -1046*b - 136012. Give t(-130).
-32
Let g(f) = f**3 - 359*f**2 + 10139*f + 9454. Give g(328).
-58
Let h(z) = -2*z**2 - 1965284*z - 9826364. What is h(-5)?
6
Let i(p) = 179*p - 4803. Give i(26).
-149
Let q(c) = 6*c**3 - 61*c**2 + 29*c + 21. Calculate q(8).
-579
Let v(y) = y**3 + 270*y**2 + 522*y + 234. Calculate v(-268).
3986
Let t(h) = 11*h**3 - 57*h**2 + 11201*h - 55967. What is t(5)?
-12
Let y(m) = 633*m - 10081. Determine y(16).
47
Let i(k) = -3435*k + 755868. Calculate i(220).
168
Let j(x) = -3088*x + 148278. Give j(48).
54
Let g(f) = -2*f**2 + 4315*f + 95614. Give g(-22).
-284
Let x(n) = -487*n - 9573. Determine x(-19).
-320
Let g(c) = -c**3 + 31*c**2 + 219*c + 3. Determine g(-6).
21
Let r(x) = x**3 - 26*x**2 - 658*x - 51532. Calculate r(55).
3
Let a(x) = x**2 - 15734*x - 157387. Give a(-10).
53
Let n(f) = 9451*f + 1001772. Calculate 